f c?
2
Let h(f) = -f**2 - f + 2. Let o be h(0). Suppose 4 + 14 = o*p. What is the units digit of p?
9
Let s(l) = 0*l**3 - l**3 - 6 - 1 - 4*l**2 + 2*l. What is the units digit of s(-5)?
8
Let r(g) = 2 + 20*g**3 + 0 - 3*g + 21*g**3 - 8*g**3 + 2*g**2. What is the units digit of r(1)?
4
Let d(w) = -5*w - 16. What is the units digit of d(-15)?
9
Let i be 7 - 8/(1 - -1). Suppose -2*f - 37 = -i*f. What is the units digit of f?
7
Suppose 5*b + 4*n - 1 = 1, 4*b - 6 = -n. Suppose b*y - 25 = q + 27, 0 = -5*y - 4*q + 104. What is the tens digit of y?
2
Let a = 23 + -37. Let j = 0 - a. What is the tens digit of j?
1
What is the tens digit of ((-292)/(-3))/(20/30)?
4
Let l be (-5558)/(-77) + (-4)/22. Let q = l + -50. What is the tens digit of q?
2
Let u be 189/(3/(-1)) - 0. What is the units digit of 3*2*u/(-18)?
1
Suppose 11*m - 9*m - 32 = 0. What is the units digit of m?
6
Let z = -9 - -7. Let n = 12 - z. What is the tens digit of n?
1
Let i = 4 - 10. Let y = i - -7. What is the units digit of y?
1
Let u be ((-6)/5)/(2/5). What is the units digit of (3 + u)/2 + 6?
6
Let r be 12/(-16) - 46/(-8). Suppose -r*n = -6*n + 3. What is the units digit of n?
3
Let s(c) = -c**3 + 1 - c - 6 - 2*c**2 - 5*c**2. Let x be s(-7). What is the tens digit of (-21)/(x - (-14)/(-4))?
1
Suppose p = -2*x, -5*p - 14 = -3*x - 3*p. Let y be 1*2*3/x. Let s = 11 + y. What is the units digit of s?
4
Let n = -2 - 1. Let a(v) = v**3 + 3*v**2 - 2*v - 3. Let m be a(n). Let s = 4 - m. What is the units digit of s?
1
Suppose -o = -4*o. Let j be 15/(-21) + (-4)/14. Let s = o - j. What is the units digit of s?
1
Suppose -y = 5*d - 0*d - 28, -3*y - 2*d + 19 = 0. What is the units digit of (-2 + 3)*(4 + y)?
7
Let m(l) = -4*l**3 + l**2 - l. Let a be m(-2). Suppose -3*s = -4*p - a, 3 = 2*s + p - 15. What is the tens digit of s?
1
Let z(i) = i**2 - 18*i + 22. What is the tens digit of z(19)?
4
Suppose -10 = 2*d + 5*b + 3, -5*d = 4*b + 7. Let q be -6 + d/((-1)/3). Let y(t) = t**2 + 8*t + 5. What is the units digit of y(q)?
4
Suppose 62 = -g + 3*g. Suppose -4*w + 2*x = -26, -g + 10 = -3*w + 2*x. What is the units digit of w?
5
Let g = -11 - -27. Suppose o = -o + g. What is the units digit of o?
8
What is the tens digit of 310/2 - (0 + -4)*1?
5
Let o be -2 - (-4 - -8 - 7). What is the units digit of 1*39 - (o - 3)?
1
Suppose -4*r + 84 = 2*i, -3*r + 145 = 3*i + 34. What is the tens digit of i?
3
Let s(g) = -6*g - 5. Let z be s(-8). Let m = 69 - z. What is the units digit of m?
6
Let b be ((-16)/(-10))/(4/10). Suppose -b*g - 3 = -23. What is the units digit of g?
5
Suppose 28 = 2*g - v - 3*v, 4*g - 6 = -2*v. What is the tens digit of g/(-6) - 434/(-21)?
2
Let m be 32/6 + 3/(-9). What is the units digit of (6/(-15))/((-1)/m)?
2
Let x be 15*((-2)/3 - -1). Suppose x*o - 11 = 79. What is the units digit of o?
8
Let d(k) = k - 2. Let a be d(6). Suppose -b + 120 = a*b. What is the units digit of b?
4
Let u be (-3)/(-6)*(-3 - -9). Suppose u = q - 1. What is the units digit of q?
4
What is the tens digit of (-456)/(-10) - 24/40?
4
Let l be 9/(-3)*5/(-3). Suppose -5*u - l = -30. What is the units digit of u?
5
Let o = -12 + 19. Let c = o - 13. Let u = -4 - c. What is the units digit of u?
2
Suppose -32*o + 33*o = 176. What is the tens digit of o?
7
Suppose g + 50 = 124. Suppose -2*q + 40 = -3*d - 2*d, g = 3*q - 4*d. What is the tens digit of q?
3
Suppose 5*c - c - 324 = 0. Suppose -4*d - p - p + 174 = 0, -p = -2*d + c. What is the units digit of d?
2
Let d be (1/4)/(6/24). Let o be (d - (-2 + 0)) + -3. Suppose 3*y - 5*y + 36 = o. What is the tens digit of y?
1
Let l(f) = f + 2. Let b be l(-1). What is the tens digit of 20 + (3 + -2 - b)?
2
Let z(h) be the second derivative of 2*h - h**2 + 0 + 2/3*h**3. What is the units digit of z(3)?
0
What is the tens digit of ((-11)/22)/(1*(-2)/292)?
7
Suppose 4*h = h + a - 2, 4*h = -3*a + 19. Let t = -13 + h. What is the units digit of 0*2/6 - t?
2
What is the units digit of 470/(-30)*6/(-2)?
7
Let p(x) = x**2 - 3*x - 2. Let z be p(4). Suppose -3*o = 4*d - 23, -4*d = -z*d + 3*o - 13. What is the units digit of d?
5
Suppose -3402 = -21*w - 0*w. What is the hundreds digit of w?
1
Let y = 25 - 17. Let z = y - 4. What is the units digit of z?
4
Let q(d) = d**2 - 4*d - 7. Let f be q(6). Suppose -23 - 117 = -f*j. Suppose -3*x + 0*y + j = 2*y, 10 = 2*y. What is the units digit of x?
6
Let y be 868/18 + 4/(-18). Suppose -5*m = -y - 12. What is the units digit of m?
2
Suppose 0 = 2*v - 3*k - 10, 3*v - 3*k = 21. Let w = 7 - v. What is the units digit of 3/(((-9)/w)/3)?
4
Let t be (-10)/(0 + 2*-1). Let g(z) = z**3 - 5*z**2 + 3*z - 4. What is the tens digit of g(t)?
1
Suppose 13 = 3*y + 4. Suppose y*a + a - 76 = 4*n, -5*a + 119 = 3*n. What is the units digit of a?
2
Let m(h) = h**3 + 5*h**2 - 8*h - 8. Let y be m(-6). Suppose -3*b - 12 + 63 = 2*q, 0 = -y*q + 2*b + 94. What is the units digit of q?
4
Suppose c - 6 = -2*r + 26, -102 = -5*r + 3*c. What is the units digit of (-1)/(-3)*3 + r?
9
Let o(x) = 5 + 3*x**2 - 6*x + 3 - 5*x. Let l(f) = 2*f**2 - 5*f + 4. Let p(w) = -5*l(w) + 3*o(w). What is the units digit of p(-5)?
9
Let o(i) = -i**3 + 4*i**2 - 2*i. Suppose -4*q = 11 + 49. Let l be 7/3 - (-5)/q. What is the units digit of o(l)?
4
What is the tens digit of 42/70 - (-262)/5?
5
Suppose -29 = -5*g + 1. Let i = g + -4. Suppose -i*a + 2 + 2 = 0. What is the units digit of a?
2
Let c(l) = 7*l - 4. What is the tens digit of c(5)?
3
Suppose -67 = 3*a - 394. What is the units digit of a?
9
Let f(w) = -15*w + 2. Let h be f(-2). Let d = h + -47. What is the units digit of (1 - 2) + d/(-1)?
4
Let d = 2 - 0. Suppose g + 105 = 4*b, 0 = 2*b - 0*g - 2*g - 48. Suppose -f + b = d*w, -5*f = -0*f - 2*w - 75. What is the units digit of f?
7
Let l(f) = -6*f. Let p be l(6). Let h = 52 + p. What is the tens digit of h?
1
Suppose -14*b + 66 = -11*b. What is the tens digit of b?
2
Let v be -2 + (2 - 0/(-1)). Suppose m + 2 - 1 = v. What is the units digit of 20/(-8)*(-1 + m)?
5
Let v(n) = 2*n - 1. Let r(d) = 2*d**2 + d + 1. Let l be r(-2). What is the tens digit of v(l)?
1
Suppose u - 19 = x, 3*x + 119 = 5*u + 6*x. Let f = u - 14. What is the units digit of f?
8
Let w = 138 + -38. Suppose 0*k - w = -4*k. What is the tens digit of k?
2
Let m be (12/(-8))/(6/(-64)). Let i = -3 + m. What is the tens digit of i?
1
Suppose 5*d - s + 2 - 14 = 0, -3*s = 3*d. Suppose -3*c + 29 = d*i - 0*i, 0 = 4*c - 4*i - 72. What is the units digit of c?
3
Suppose -m + i = -0*i - 4, 12 = 3*m - 2*i. Let f be (0 - 2)/((-2)/m). Suppose -f*v + 19 = 3. What is the units digit of v?
4
Let p(x) = x**2 - 10*x - 32. What is the units digit of p(22)?
2
Suppose -2*v - 23 = 7. Suppose -3*u - 38 = 5*k, -k + 5*k - 2*u = -48. Let c = k - v. What is the units digit of c?
5
Suppose 0 = -i + 4*i. Let a be 1/(3/6) - i. Suppose -3*b = a*b - 35. What is the units digit of b?
7
Let w be ((-57)/12)/(2/(-8)). Let p(y) = -y**3 + 4*y**2 - 2*y + 1. Let l be p(3). What is the units digit of w/l + (-1)/(-4)?
5
What is the tens digit of 1/(2/23)*6?
6
Suppose 0 = 2*a - 335 + 81. What is the hundreds digit of a?
1
Suppose 0 = 6*p - 2*p. Suppose -5*u + 3*z - 33 = p, -4*u - 4*z + 0*z = 20. What is the units digit of 3/(-2)*32/u?
8
Suppose u = -4*u - 30. Let k be u/8*1*4. What is the units digit of k + 5 - (1 + 0)?
1
Let f be (9/(-12))/((-1)/4). Suppose 4*x - 5*a - 46 = 8, -f*a - 61 = -5*x. What is the tens digit of x?
1
Let f be (4/2 + 7)*1. Let l(g) = g**2 - 16*g - 21. Let m be l(18). Let h = m - f. What is the units digit of h?
6
Let r = -380 + 586. What is the hundreds digit of r?
2
What is the units digit of ((-120)/14)/(4/(-28))?
0
Suppose 2*o = -3*s - o + 372, -2*o - 502 = -4*s. What is the hundreds digit of s?
1
Let c(a) = a**2 + 5*a - 10. What is the units digit of c(5)?
0
Let d(i) = 4*i + 1. What is the units digit of d(7)?
9
Let c(u) = -3*u + 7. Let t(z) = -z + 2. Let b(p) = 4*c(p) - 11*t(p). What is the units digit of b(-7)?
3
Let l(i) = 2*i - 5. Let r be l(4). Suppose -r*d + 1 = -2. What is the units digit of d?
1
Let u(t) = 5 + t**2 + 3 + 5*t**2 + 11*t - 3. What is the tens digit of u(-4)?
5
Suppose 2*f + 4*q = 20, 5*f = 4*f - 5*q + 16. Suppose -i - n = -4, n + 2*n = -i - f. What is the units digit of i?
9
Suppose 0 = -0*z - 12*z + 228. What is the t